{"id":14,"date":"2015-03-03T11:58:16","date_gmt":"2015-03-03T11:58:16","guid":{"rendered":"http:\/\/nispuck.de\/?page_id=14"},"modified":"2017-03-23T12:12:40","modified_gmt":"2017-03-23T11:12:40","slug":"crew","status":"publish","type":"page","link":"http:\/\/nispuck.de\/?page_id=14","title":{"rendered":"Crew"},"content":{"rendered":"<p><a href=\"http:\/\/nispuck.de\/wp-content\/uploads\/2015\/08\/CIMG0857-klein.jpg\"><img loading=\"lazy\" decoding=\"async\" class=\"alignnone size-medium wp-image-318\" src=\"http:\/\/nispuck.de\/wp-content\/uploads\/2015\/08\/CIMG0857-klein-300x225.jpg\" alt=\"CIMG0857-klein\" width=\"300\" height=\"225\" srcset=\"http:\/\/nispuck.de\/wp-content\/uploads\/2015\/08\/CIMG0857-klein-300x225.jpg 300w, http:\/\/nispuck.de\/wp-content\/uploads\/2015\/08\/CIMG0857-klein.jpg 730w\" sizes=\"(max-width: 300px) 100vw, 300px\" \/><\/a><\/p>\n<p><strong>Lisa<\/strong>, escht \u00d6cher M\u00e4dsche, ist erst durch den Skipper so richtig mit dem Segelvirus infiziert worden. Trotz ihrer Berufung als Krankenschwester ist sie dem Virus wehrlos ausgeliefert und f\u00f6rderte die Krankheit durch Ma\u00dfnahmen wie Teilnahme an Segel- und Motorbootscheinkursen, Wetterseminar und, zur v\u00f6lligen Genesungsverhinderung, an einem Blauwasserseminar. Von morgens bis abends beschallt sie Patienten, nicht mit Musik, sondern mit Ultraschallwellen. Als w\u00e4re eine schwere Krankheit nicht genug, leidet sie auch noch unter dem Zwang allj\u00e4hrlich an n\u00e4rrischem Treiben in angsteinfl\u00f6\u00dfenden Kost\u00fcmen teilnehmen zu m\u00fcssen.<\/p>\n<p><strong>Martin<\/strong>, heimatloser Vagabund, in Heidelberg geboren, ist schon fr\u00fch dem Klang der rauschenden Wellen verfallen und f\u00fchlt sich durch gro\u00dfe Wassermassen wie magisch angezogen. Leider in fr\u00fchester Jugend in ein kaltes und feuchtes Revier verschleppt worden wo das Wasser im wesentlichen von oben kommt aber kein brauchbares Segelrevier vorhanden ist. So dauerte es bis 2006 bis er seiner Sucht zum Wasser und Booten so richtig fr\u00f6hnen konnte. Das Revier in Roermond wurde schnell zu klein, also ging es weiter zum sch\u00f6nen Grevelinger Meer, aber auch hier sperrt ein Damm den direkten Weg in die gro\u00dfe weite Welt hinaus ab. Der Traum auf gro\u00dfe Fahrt wurde gen\u00e4hrt durch zahlreiche B\u00fccher der bekannten Blauwassersegler und die Bootsmessen taten ihr \u00dcbriges. Nachdem der Skipper nun ein geeignetes Opfer zur Ansteckung mit dem Segelvirus gefunden hatte wurden gemeinsam Pl\u00e4ne geschmiedet und ein passendes Boot gesucht. Als Ingenieur war nach der Lekt\u00fcre einer Bauanleitung f\u00fcr Selbstbauer die Wahl des Bootswerkstoffes quasi vorgegeben, auch wenn alle Welt versuchte ihm die Vorteile des Massenbaustoffes &#8222;Plaste&#8220; schmackhaft zu machen. Nach der Besichtigung des Traumstahlbootes dauerte es noch \u00fcber 2 Jahre und einiger Umwege bis wir stolze Besitzer der Nis Puck wurden.<\/p>\n<p>Wir wollten nicht bis zum Rentenalter warten um uns den Traum der Reisen mit einem Boot zu erf\u00fcllen, zu viel kann bis dahin noch passieren wie uns das Leben an Hand von tragischen F\u00e4llen im Familien-und Bekanntenkreis gelehrt hatte. Also ging es 2014 dann mal f\u00fcr ein halbes Jahr los, wir wussten ja nicht ob uns das wirklich so gut gef\u00e4llt, Traum und Realit\u00e4t klaffen ja schon mal sehr weit auseinander. Nach dieser Reise steht aber fest: das ist unser Ding und wir \u00b4tr\u00e4umen schon von dem n\u00e4chsten T\u00f6rn.<\/p>\n<p>Mit dabei sind auch unsere Maskottchen Anton und Elisabeth, stets gut gelaunt und nie seekrank.<br \/>\n<a href=\"http:\/\/nispuck.de\/wp-content\/uploads\/2015\/02\/AntonElisa5.jpg\"><img loading=\"lazy\" decoding=\"async\" class=\"alignnone  wp-image-4\" src=\"http:\/\/nispuck.de\/wp-content\/uploads\/2015\/02\/AntonElisa5-300x220.jpg\" alt=\"AntonElisa5\" width=\"410\" height=\"300\" srcset=\"http:\/\/nispuck.de\/wp-content\/uploads\/2015\/02\/AntonElisa5-300x220.jpg 300w, http:\/\/nispuck.de\/wp-content\/uploads\/2015\/02\/AntonElisa5-1024x751.jpg 1024w, http:\/\/nispuck.de\/wp-content\/uploads\/2015\/02\/AntonElisa5.jpg 1300w\" sizes=\"(max-width: 410px) 100vw, 410px\" \/><\/a><\/p>\n","protected":false},"excerpt":{"rendered":"<p>Lisa, escht \u00d6cher M\u00e4dsche, ist erst durch den Skipper so richtig mit dem Segelvirus infiziert worden. Trotz ihrer Berufung als Krankenschwester ist sie dem Virus wehrlos ausgeliefert und f\u00f6rderte die Krankheit durch Ma\u00dfnahmen wie Teilnahme an Segel- und Motorbootscheinkursen, Wetterseminar &hellip; <a href=\"http:\/\/nispuck.de\/?page_id=14\">Weiterlesen <span class=\"meta-nav\">&rarr;<\/span><\/a><\/p>\n","protected":false},"author":1,"featured_media":0,"parent":0,"menu_order":0,"comment_status":"open","ping_status":"open","template":"","meta":{"footnotes":""},"_links":{"self":[{"href":"http:\/\/nispuck.de\/index.php?rest_route=\/wp\/v2\/pages\/14"}],"collection":[{"href":"http:\/\/nispuck.de\/index.php?rest_route=\/wp\/v2\/pages"}],"about":[{"href":"http:\/\/nispuck.de\/index.php?rest_route=\/wp\/v2\/types\/page"}],"author":[{"embeddable":true,"href":"http:\/\/nispuck.de\/index.php?rest_route=\/wp\/v2\/users\/1"}],"replies":[{"embeddable":true,"href":"http:\/\/nispuck.de\/index.php?rest_route=%2Fwp%2Fv2%2Fcomments&post=14"}],"version-history":[{"count":9,"href":"http:\/\/nispuck.de\/index.php?rest_route=\/wp\/v2\/pages\/14\/revisions"}],"predecessor-version":[{"id":413,"href":"http:\/\/nispuck.de\/index.php?rest_route=\/wp\/v2\/pages\/14\/revisions\/413"}],"wp:attachment":[{"href":"http:\/\/nispuck.de\/index.php?rest_route=%2Fwp%2Fv2%2Fmedia&parent=14"}],"curies":[{"name":"wp","href":"https:\/\/api.w.org\/{rel}","templated":true}]}}